247?
False
Is 215 a factor of 5445433?
False
Is 225 a factor of 21564675?
True
Is 19705 a factor of 5622248283?
False
Is 217369464 a multiple of 433?
True
Does 5361 divide 205391101?
False
Is 316457046 a multiple of 31?
False
Is 2290419373 a multiple of 15?
False
Is 4 a factor of 4667572?
True
Is 198 a factor of 181848132?
False
Is 72 a factor of 4955400?
True
Is 196322928 a multiple of 32?
False
Does 59 divide 126033722?
False
Is 218 a factor of 137570208?
True
Is 49 a factor of 19647666?
False
Does 1829 divide 53264484?
False
Is 823 a factor of 20282871?
False
Is 53 a factor of 4708255?
True
Does 97 divide 1777878815?
False
Does 25 divide 1744873680?
False
Is 2007555 a multiple of 253?
True
Does 26 divide 23985962?
True
Is 122 a factor of 30646448?
False
Is 9 a factor of 1840711267?
False
Is 31 a factor of 371977060?
True
Is 121 a factor of 432247574?
True
Is 21999840 a multiple of 3?
True
Is 431007844 a multiple of 531?
False
Does 33 divide 637153327?
False
Is 154479555 a multiple of 81?
True
Does 266 divide 127442728?
True
Does 4 divide 21513363?
False
Is 346094012 a multiple of 110?
False
Is 68151259 a multiple of 180?
False
Is 184 a factor of 6695570265?
False
Is 7 a factor of 1071288?
False
Is 1870374802 a multiple of 25?
False
Is 101932380 a multiple of 11?
True
Is 13 a factor of 56663438?
True
Is 6 a factor of 3702054?
True
Does 914 divide 12284160?
True
Is 35706958 a multiple of 14?
True
Does 140 divide 401648100?
True
Is 274 a factor of 23951219?
False
Is 365 a factor of 33171565?
True
Does 40 divide 334392453?
False
Does 20 divide 191089759?
False
Is 183 a factor of 126693542?
False
Is 24 a factor of 221035824?
True
Is 24457368 a multiple of 516?
True
Is 184161303 a multiple of 23?
False
Is 799 a factor of 58516363?
True
Is 674500824 a multiple of 54?
True
Does 444 divide 2806160014?
False
Is 33520620 a multiple of 42?
True
Is 167309744 a multiple of 152?
True
Is 101404648 a multiple of 116?
True
Is 21 a factor of 72684841?
False
Does 1875 divide 95849062?
False
Does 15 divide 5189190?
True
Is 335 a factor of 12054305?
True
Is 188 a factor of 4359532?
True
Does 17 divide 984183771?
True
Does 56 divide 245231112?
True
Does 43 divide 29366076?
True
Is 115357196 even?
True
Is 341187382 a multiple of 527?
False
Is 192713174 a multiple of 480?
False
Is 638007478 a multiple of 12?
False
Does 256 divide 1675498030?
False
Is 2412 a factor of 307691604?
True
Is 5207307346 a multiple of 206?
True
Is 1869076925 a multiple of 389?
True
Is 13890537 a multiple of 19?
False
Is 2 a factor of 110610399?
False
Is 177555189 a multiple of 7?
True
Is 4069044 a multiple of 7?
True
Is 12434894 a multiple of 866?
True
Is 52 a factor of 42604201?
False
Is 28 a factor of 103526161?
False
Does 34 divide 1025451?
False
Is 13 a factor of 400563657?
True
Is 143 a factor of 2474112355?
True
Does 1937 divide 360264567?
True
Is 1058425626 a multiple of 1146?
False
Is 404 a factor of 100393192?
True
Is 3566 a factor of 557779362?
False
Does 12 divide 626407?
False
Is 16370845 a multiple of 4?
False
Is 333 a factor of 144674847?
True
Does 15 divide 1538046866?
False
Is 52 a factor of 135871884?
False
Is 54686180 a multiple of 20?
True
Is 312 a factor of 28671864?
True
Does 1567 divide 51520472?
False
Does 14 divide 39402006?
True
Does 130 divide 1138554300?
True
Is 154966019 a multiple of 23?
True
Is 284144 a multiple of 28?
True
Is 615 a factor of 26118435?
True
Is 67 a factor of 610777667?
False
Is 30116891 a multiple of 321?
False
Is 2711378670 a multiple of 390?
True
Does 36 divide 130548996?
True
Is 9084152 a multiple of 8?
True
Is 98053872 a multiple of 1388?
True
Does 1235 divide 1799235685?
True
Is 42690846 a multiple of 6?
True
Does 10 divide 8860350?
True
Is 59824926 a multiple of 21?
True
Does 74 divide 201338016?
True
Is 109 a factor of 2250241453?
True
Is 23096404 a multiple of 136?
False
Does 2472 divide 863809237?
False
Does 17 divide 1006505003?
False
Is 12 a factor of 29587406?
False
Is 521152933 a multiple of 229?
True
Is 53 a factor of 58781337?
False
Is 4608302556 a multiple of 13084?
True
Is 159 a factor of 5289294?
True
Is 575 a factor of 14624465?
False
Is 180755118 a multiple of 102?
True
Is 54 a factor of 1137145176?
True
Is 1530392360 a multiple of 1204?
True
Is 29425753 a multiple of 72?
False
Is 14 a factor of 189567910?
True
Does 1045 divide 124432992?
False
Is 3 a factor of 293225500?
False
Does 3 divide 135384639?
True
Is 2556809962 a multiple of 146?
True
Is 12 a factor of 316823364?
True
Is 232 a factor of 33429344?
True
Is 14 a factor of 116448227?
False
Is 202822 a multiple of 60?
False
Does 5320 divide 430712957?
False
Is 14 a factor of 202422?
False
Is 555 a factor of 509796140?
False
Is 40201482 a multiple of 257?
True
Is 7507 a factor of 350591331?
False
Is 566784 a multiple of 24?
True
Is 68 a factor of 1569781674?
False
Is 2062 a factor of 1732520135?
False
Is 19 a factor of 1264693769?
False
Is 89930788 a multiple of 98?
False
Is 2657 a factor of 46392067?
False
Is 1193766850 a multiple of 24?
False
Is 4 a factor of 107004594?
False
Is 7398409 a multiple of 294?
False
Is 411124375 a multiple of 475?
True
Is 36 a factor of 9066208?
False
Is 2341 a factor of 46878525?
True
Is 158626694 a multiple of 34?
True
Does 303 divide 26395845?
True
Does 2615 divide 162145226?
False
Does 2034 divide 233450316?
True
Does 211 divide 931715790?
False
Is 5 a factor of 7041250?
True
Is 10 a factor of 16431604?
False
Does 336 divide 253080683?
False
Does 152 divide 1618460736?
True
Is 133100960 a multiple of 120?
False
Does 4 divide 53880824?
True
Does 39 divide 1160010060?
False
Is 247 a factor of 63498513?
True
Does 12 divide 1074149450?
False
Is 530 a factor of 33160057?
False
Is 205601930 a multiple of 2033?
False
Is 15 a factor of 62277165?
True
Is 608707008 a multiple of 702?
True
Does 3 divide 44172004?
False
Is 13 a factor of 19915090?
True
Is 92692467 a multiple of 441?
True
Is 508 a factor of 563272251?
False
Does 16 divide 83705669?
False
Is 10 a factor of 521413?
False
Is 357219117 a multiple of 9?
True
Is 388216968 a multiple of 696?
True
Is 1076 a factor of 2060928639?
False
Does 4680 divide 1000247040?
True
Is 182304083 a multiple of 19?
False
Is 473789603 a multiple of 15?
False
Is 24717616 a multiple of 176?
True
Is 2024 a factor of 37506453?
False
Is 1315 a factor of 190226585?
True
Is 359968781 a multiple of 31?
False
Is 90641268 a multiple of 108?
True
Does 79 divide 269029381?
False
Is 3097 a factor of 502178550?
True
Is 112857251 a multiple of 87?
False
Does 559 divide 7732414?
False
Is 220 a factor of 75547340?
True
Is 592999296 a multiple of 222?
True
Does 121 divide 22376772?
True
Is 884 a factor of 706347259?
False
Does 16 divide 27926320?
True
Is 1569 a factor of 467521332?
False
Is 663230833 a multiple of 31?
True
Does 266 divide 4918262860?
True
Is 1106089586 a multiple of 2887?
False
Is 687655458 a multiple of 340?
False
Is 60 a factor of 228939077?
False
Is 4291 a factor of 735115511?
False
Is 20150710 a multiple of 40?
False
Is 66126614 a multiple of 6?
False
Does 24 divide 1402871592?
True
Is 6 a factor of 18542730?
True
Is 455 a factor of 785053815?
True
Does 111 divide 192952586?
False
Is 1100 a factor of 5107562900?
True
Is 101 a factor of 18260194?
True
Does 2 divide 4010981?
False
Is 215 a factor of 15794732?
False
Does 465 divide 25372725?
True
Does 21 divide 505303407?
True
Is 25 a factor of 78328750?
True
Does 989 divide 302659714?
True
Does 6 divide 3498164421?
False
Is 1044 a factor of 468905870?
False
Is 3307138 even?
True
Does 897 divide 3743181?
True
Is 963779791 a multiple of 2290?
False
Is 5378055 a multiple of 20?
False
Is 6133869 a multiple of 49?
True
Is 186 a factor of 10643664?
True
Does 2632 divide 190643656?
True
Is 26 a factor of 78230703?
False
Is 3821 a factor of 284412314?
True
Is 480364262 a multiple of 2702?
True
Is 14 a factor of 403977336?
True
Is 3081 a factor of 105616680?
True
Is 233 a factor of 729030205?
True
Is 14 a factor of 101031434?
True
Does 18 divide 179753454?
True
Is 54712740 a multiple of 257?
False
Is 1976253080 a multiple of 152?
True
Is 1670 a factor of 303833120?
True
Is 27453020 a multiple of 14?
True
Is 81003669 a multiple of 61?
True
Is 297 a factor of 24